). Determine c(2).
-14
Let w(x) = 18 + 21 - 79*x - 2*x**2 + 59*x - 23. Determine w(-10).
16
Let p(u) be the second derivative of -u**4/12 + u**3/6 - 4*u**2 + u. Let z be 2/12 + 7 + (-251 - -266 - 133/6). Determine p(z).
-8
Suppose -i + 0 = -3. Let w(k) be the first derivative of -2*k**3/3 - k**2/2 - 3*k - 18089. Determine w(i).
-24
Let d(x) = 87*x**2 - x - 1. Suppose 7*p - 9 = 16*p. Give d(p).
87
Let v(c) = -c**2 - 13*c + 611. Let f = -20788 - -20807. What is v(f)?
3
Let u(q) = -820 + 312 + 436 - 24*q + 298. Determine u(10).
-14
Let t be 126/54*(-2 + 1 - -52). Let h(v) = -127 - v - t + 242. Calculate h(-10).
6
Let y(t) = -8*t. Let f(j) = -j. Let p(n) = -12*f(n) + y(n). Suppose 5*s + 5*w = 0, -27*s + 26*s = -3*w - 12. What is p(s)?
12
Let h(a) = a**3 - 2*a + 3. Suppose 0 = -3*c + 2*t + 110, 2*c - t = 7*c - 179. Let o = c - 36. Suppose -30 = -5*m - 5*p, o = -m - m + p. What is h(m)?
7
Let j(v) = 25*v - 12. Let s be j(2). Suppose 49*k - s*k = 33. Let p(x) = 5 - x - 1 + 2*x. What is p(k)?
7
Let h(s) = -s**2 + 3*s + s - 1 + 3*s. Let k(i) = -23*i - 51. Let t be k(5). Let j = 173 + t. What is h(j)?
-1
Let j(z) = -2*z**2 + 4*z + 4. Let p(t) = -t**2 - t. Suppose y - k = -0*k + 3, y + 5*k = 3. Let m(v) = y*p(v) - j(v). Let q = 499 - 506. What is m(q)?
-4
Let j(q) = -2*q**2 - 27*q + 51. Let h be j(-15). Let f(d) = 0*d - 5*d**2 - d + 13 - 9*d + d**3 - 6. Determine f(h).
-17
Let v(j) = 2*j**2 + 5*j + 15. Let a(y) = y**2 + 6*y + 13. Let o(f) = 3*a(f) - 2*v(f). Let d(q) = -q**2 + 6*q + 8. Let x(g) = -4*d(g) + 3*o(g). Give x(0).
-5
Suppose -a = 4*a - 3*i - 19, a - 4*i = -3. Suppose -5*v + a*u - u + 173 = 0, -u + 163 = 5*v. Let b(k) = v + 33 + k - 58. Determine b(-9).
-1
Suppose -3*m - k = -4, -2*m - 4*k + 6 = -0*m. Suppose 0 = 10*i - i - 54. Let f(u) = -4*u + 2*u - 5 - i*u + 6. Determine f(m).
-7
Let o(w) = -w**3 - 6*w**2 + w. Let x be o(-6). Let s(p) = 4*p + 7. Let m(b) = -5*b - 8. Let a be 15/9*1*(-15)/5. Let l(f) = a*m(f) - 6*s(f). Calculate l(x).
-8
Let c(x) = 2*x - 1. Let g be (8 - 1 - 6) + 2/2. Suppose -5*r + q - 52 = -g*q, 0 = -3*q + 12. Give c(r).
-17
Suppose 0 = -51*p + 46*p + 20, -2*q = p - 10. Let c(z) = -2 - 4*z**2 + 4*z - 417*z**3 - 5 + 418*z**q. Calculate c(5).
38
Let g be (-2 - -2)/(2*1). Let y(o) = o**3 + 2*o**2 + 13*o + 6. Let d(p) = p**2 + 4*p + 4. Let c(j) = -3*d(j) + y(j). What is c(g)?
-6
Suppose j + 0 = -4. Suppose -23*t - 3 = -49. Let n(r) = -4*r + r - 1 + 2*r + t*r. Calculate n(j).
-5
Suppose 4*g - 21 = 43. Suppose g = -v - 3*v. Let l(k) = 24*k + 4*k - 23*k + 5 + 1. Give l(v).
-14
Suppose -4*z = -14 - 14. Suppose -29 = -12*y + z. Let l(f) = -7*f - 4. Calculate l(y).
-25
Let r(p) = p**2 + 52*p - 1367. Let f be r(-71). Let b(q) = q**2 + 16*q - 50. What is b(f)?
-14
Let y(z) = 2*z**2 + 6*z - 6. Let a(d) = d**3 + 29*d**2 + 201*d - 43. Let q be a(-12). What is y(q)?
50
Let l(k) = 3*k**3 + 31*k**2 + 13*k + 26. Let m = 883 - 893. Give l(m).
-4
Let u = -277 + 279. Let l(z) = 19*z**u - 43*z**2 + 23*z**2 - 8*z - 13. What is l(-7)?
-6
Let k(g) = 12*g - 254 + 101 - 6*g - g. What is k(29)?
-8
Let r(u) = -5 + 85*u - 1 - u**2 + 2*u**2 - 128*u + 49*u. Calculate r(-7).
1
Let x(p) = p**2 - p - 7. Suppose 0 = 4*n - 60 + 44. Let d be (39/(-9) + n)*-3 + -1. Calculate x(d).
-7
Let w(g) = -45 - 3*g + 2*g + 3*g + 0*g - 5*g. Let n be w(-14). Let l(r) = -2 - 4 + 3*r + 4*r**2 + 2 + r**3. What is l(n)?
-4
Let n be (-4)/(-6) - 13/(-3). Suppose 9*k - 40 = k. Let p(m) = k*m + 20 - 12 - m**2 - 12. What is p(n)?
-4
Let h = 541 + -535. Let q(f) = 52*f**2 + f**3 + h + 5*f + 5*f - 45*f**2. Give q(-6).
-18
Let n(p) = -p - 3. Let q = 166 + -136. Suppose 2*y + 2*y - 40 = -4*b, -4*b = -y - q. Determine n(b).
-11
Let y(b) be the second derivative of b**4/12 - 7*b**3/3 - 2*b**2 + 328*b - 1. Give y(0).
-4
Suppose 28*y + 216 = 356. Let o(a) be the first derivative of -3*a**2/2 + 8*a + 1. What is o(y)?
-7
Suppose 11*m = 995 - 390. Let p(h) = -h**2 + m + 49 - 101 + 0*h**2. Suppose -2 - 2 = -g. Give p(g).
-13
Let w(j) = j**3 + 28*j**2 - 2*j - 46. Let r = -17934 + 17906. Calculate w(r).
10
Let j(x) = 2*x - 2 - 1 - 7*x - x**2. Suppose -32*a + 102 = 6. Suppose 0 = 4*m - 5*v - a + 5, -3*m + 3*v = 3. Determine j(m).
3
Let b = 211 - 201. Let d(a) = a**2 - 18*a - b*a - 2*a**2 + 21*a + 1. Determine d(-8).
-7
Let h(z) = 1331*z**2 - 1332*z**2 + 0*z + 0*z + 6*z. Let x = 8 - 3. Suppose x*a = 19 + 16. What is h(a)?
-7
Let n(x) = -x**2 + 6*x + 7. Let d be n(6). Let u(z) = 47052*z**3 + 1 - 47051*z**3 - 4*z**2 - 6 - 3*z**2 - 2. Give u(d).
-7
Let m(p) be the third derivative of -p**6/360 + 7*p**5/120 - p**4/12 - 193*p**3/6 - 137*p**2. Let l(c) be the first derivative of m(c). Calculate l(6).
4
Let b(n) = -n**3 - 5*n**2 - 3*n - 4. Suppose 444 = -5*q - 221. Let x be (1/3)/(q/(-126) + -1). Let o be -11 + 9 + (-1)/(2/x). Determine b(o).
11
Let v be (1 + -4)*4/(-6). Let q = 478 + -472. Let a(s) = -q*s + 18*s**2 + 2 - 18*s**2 - 6*s + 9*s - s**2. Give a(v).
-8
Let u(i) be the third derivative of -i**5/10 + i**4/8 - 61*i**3/6 + 118*i**2. Let q(j) be the first derivative of u(j). Give q(3).
-33
Let g be 46*(-4 + 10/4). Let l be 184/g*(-3)/(-2) - 1. Let z(p) = -p - 10. What is z(l)?
-5
Let u(k) = k**2 - 6*k + 4. Let w(r) = -16*r + 435. Let i be w(27). Give u(i).
-5
Let g be (0 - (4 - -1)) + -25. Let k be (-2)/8 - (2 + g/(-8)). Let n(c) be the first derivative of c**3/3 + 3*c**2 + 4*c - 5. Give n(k).
4
Let q(d) = 138*d**2 + 5*d - d**2 - 135*d**2 + d**3 + 2. Determine q(-1).
-2
Let k = -5099 + 5096. Let g(o) = 28*o + 13. Let i(a) = -19*a - 9. Let t(d) = -5*g(d) - 7*i(d). What is t(k)?
19
Let j(a) = -4*a - 3. Let t(k) = 4*k + 0*k - 15*k - 15 - k**2 - 5*k. Let x(y) = -9*j(y) + 2*t(y). Give x(2).
-3
Let a = 165 + -163. Let h(s) = -a*s + 2*s**2 - 3*s - 5926 + 5922. Let p(f) = 2*f. Let m be p(2). Determine h(m).
8
Let g(a) = -a**2 + 14*a - 5. Suppose -5*k + 27 = -3*y, -4*k - 6*y = -3*y. Suppose k*c + 3*s = -c + 68, -5*c = s - 74. What is g(c)?
-5
Let t(b) = 10*b + 9. Let q(d) = 7*d + 8. Let f(c) = 3*q(c) - 2*t(c). Let v be (-1)/((0 - -2)/(84/7)). Give f(v).
0
Let x(h) be the third derivative of -h**4/8 + 2*h**3/3 + 72*h**2 - 2. Let w be x(3). Let t(k) = -k**3 - 6*k**2 - 4*k - 2. What is t(w)?
-7
Suppose 0 = -o + 9*w - 4*w, w - 4 = o. Suppose -5*j + 3*j = -6. Let l(g) = -20*g - 2*g**2 + 9*g + 2*g + j*g + 7. Give l(o).
-13
Let q = -39 + 56. Let w(k) = -8*k - 8*k - 2 + q*k. Determine w(6).
4
Let w(b) = -b**2 - 17*b - 74. Let p(k) = k**2 + 96*k + 1894. Let s be p(-68). Determine w(s).
-4
Let h(c) = -13*c + 8. Let z be h(1). Let g(f) = f - 17. Calculate g(z).
-22
Let x be (120/15 - 12) + 20/2 + -1. Let g(o) = -o**3 + 6*o**2 + o + 2. Give g(x).
32
Let d(p) = -207*p**2 - 12*p - 12. Let j be d(-1). Let m = -205 - j. Let a(i) = -8*i + 3. Determine a(m).
-13
Let r(k) = k + 16. Let c(i) be the first derivative of i - 125. Let d(n) = 3*c(n) + r(n). What is d(-20)?
-1
Let v(s) = 21*s**2 - 18*s**2 - 1 - 4 - 1341*s**3 + 1340*s**3 + 3. Calculate v(5).
-52
Let b = -1 + -4. Let x(r) = -r. Let u(n) = -2*n - 6. Let f(c) = b*x(c) + 2*u(c). What is f(5)?
-7
Suppose -31 - 47 = -6*q. Let n(u) = -1 + 2*u + 2 - 5*u + q*u. What is n(-2)?
-19
Let p(b) = b**2 - 11*b - 66. Suppose 2103*w = 2100*w + 45. Calculate p(w).
-6
Let m(y) = y**2 + 11*y - 3. Let l(s) = 78 - 16 + 1072*s - 1063*s. Let f be l(-8). What is m(f)?
-13
Let i = -12197 + 12202. Let s(p) = p**2 - 4*p + 5. What is s(i)?
10
Let l(z) = -14 - 5 - 3 + 7 + 220*z - 212*z. What is l(-7)?
-71
Suppose 13 = -5*a + 258. Let l(m) = a*m - 3 - 19*m - 15*m - 6*m. Calculate l(3).
24
Let f(z) be the third derivative of z**4/6 - 13*z**3/6 - 3*z**2 + 227. Determine f(8).
19
Let z(y) = -y**3 - 26*y**2 - 145*y + 221. Let i be z(-11). Let d(j) = 13*j**2 + 4*j - 4. Calculate d(i).
13
Suppose 4*b + 3*i - 12 = 23, 0 = 5*b - 3*i - 64. Let q(r) = r - 12. Determine q(b).
-1
Let p(y) be the third derivative of -y**6/60 - 23*y**5/60 + 3*y**4/4 + 8*y**3/3 + 61*y**2 - 4. Calculate p(-12).
-56
Let z(g) = 8 - 13 + 3 + 2*g - 3*g. Let r be (-1*1)/((-32)/(-288)) - (-9 + 5). What is z(r)?
3
Let k(y) = 22*y + 27. Let d(c) = 35*c + 39. Let f(m) = 5*d(m) - 8*k(m). Suppose 66 = -5*a - 3*u, 2*u - 5*u = 6. Give f(a).
-9
Let b(c) = -15*c + 41. Suppose 27 = 1158*t - 1148*t - 13. Determine b(t).
-19
Let w(t) = -6 + 66*t + 